s the remainder when g(5) is divided by b(17)?
9
Let v = -682 + 691. Calculate the remainder when 618 is divided by v.
6
Let x(a) = a**3 + 7*a**2 - 8*a + 6. Let z be x(-8). Suppose 0 = w + 1 - z. Suppose -v + w = -4. Calculate the remainder when 34 is divided by v.
7
Let l = 64 + -59. Suppose 5*i - 4*h - 74 = -h, 2*i + 3*h - 38 = 0. Suppose 0 = -2*w + i - 6. What is the remainder when l is divided by w?
0
What is the remainder when 422 is divided by (11/2 - 3)*348/30?
16
Let w(y) = 3*y**2 + 12*y - 2. Let o = -119 + 114. Calculate the remainder when 48 is divided by w(o).
9
Let u(a) = 4*a**2 + 8*a + 3. Let x(t) = -t**2. Let z(i) = u(i) + 5*x(i). Calculate the remainder when (-3)/((-94)/(-48) - 2) is divided by z(4).
15
Calculate the remainder when 50 is divided by ((-128)/(-24) - 5) + 141/9.
2
Let j(g) = -14*g - 34. What is the remainder when 182 is divided by j(-6)?
32
Let k(j) = -1 - 1 + 7 + 8 - j + j**2. Let y be k(9). Suppose -5*q + 3*w + 2*w = -y, 2*w = -4*q + 38. Calculate the remainder when 32 is divided by q.
8
Let f = -71 + 83. What is the remainder when 31 is divided by f/(4 - (-40)/(-12))?
13
Let m = 4 - 15. Let x = m + 16. Suppose -x*y + 11 = s, -y - 1 = -0. Calculate the remainder when 62 is divided by s.
14
Let d = 1646 + -1598. What is the remainder when 429 is divided by d?
45
Suppose -3*t + 3 = -2*t + 5*u, 0 = t + 2*u. Let q = t - 3. Let f(k) = -k**3 - 3*k**2 + 4*k - 7. What is the remainder when f(q) is divided by 13?
10
Let j(l) = l - 3. Let a be j(6). Calculate the remainder when (-1392)/(-20) - a/5 is divided by -1*5/(25/(-120)).
21
Let s = 1780 - 1524. What is the remainder when s is divided by 43?
41
Suppose 189 - 24 = 5*z. Suppose -4*a - q = -384, -5*q + 179 = 2*a - 31. What is the remainder when a is divided by z?
29
Calculate the remainder when (-17 - -24)*-94*3/(-42) is divided by 5.
2
Suppose a = 41 - 37. Suppose -3*p = 4*d - 35, 4*d + a = -0*d. Calculate the remainder when 36 is divided by p.
10
Let g(u) = u**3 + 8*u**2 + 6*u - 2. Let y be g(-7). Let w = 44 - y. What is the remainder when w is divided by 11?
6
Suppose 2*n - 58 = -v - 4*v, 5*v = n + 1. Let g(d) = -d**3 + 2*d + 35. Calculate the remainder when g(0) is divided by n.
16
What is the remainder when 284 is divided by (-15)/(-9)*(-918)/(-85)?
14
Let p(z) = -z**2 + 2*z - 1. Let o be p(1). Suppose x - 3 = 0, -k + 3*x + 1 = -o. What is the remainder when 11 is divided by 24/k - (-6)/10?
2
Let a(x) = x**2 - 11*x + 22. What is the remainder when 155 is divided by a(10)?
11
Let q = 1129 + -906. Calculate the remainder when q is divided by 71.
10
Suppose 76*h - 1713 - 187 = 0. Suppose f = 5*f - 52. What is the remainder when h is divided by f?
12
Suppose 0 = -3*a - 3*q, -9 = 2*q + q. Let h(f) = 0 + f**3 + 3 - 2*f**3 - 3*f + 8*f**2 + 0*f**a. Calculate the remainder when h(3) is divided by 10.
9
Suppose -2*i - 7 = 4*z - 19, 3*z + i = 11. Calculate the remainder when 47 is divided by z.
2
Let l be 16/(-4) + 0 + 9. Suppose -242 = -6*f + 2*f - 2*v, 88 = f - l*v. What is the remainder when f is divided by 22?
19
Suppose -9 = -13*h + 10*h. Suppose h*d - 107 = 7. Calculate the remainder when 111 is divided by d.
35
Let h be 2/(2 - 8)*-297. Let m = 515 - h. Calculate the remainder when 86 is divided by (m/4)/4 + -4.
20
Let k be (96/56)/((-4)/(-42)). Let p = k + 9. Calculate the remainder when 89 is divided by 4/(-18) - (-816)/p.
29
Let m be 1/((-1)/(-4)) - -63. Let t = m - 60. Let v(n) = -2*n - 3. What is the remainder when t is divided by v(-4)?
2
Suppose -14*r = -988 + 218. Let y be -1 + (2 + -1)/1. Suppose y = -3*z - 2*u + 83, -3*u - 64 = -3*z + z. What is the remainder when r is divided by z?
26
Suppose 3*f = 6, 0 = -3*r + 5*f - 4 - 0. Let d(g) = g**2 - 25*g - 254. Calculate the remainder when d(33) is divided by (4/(-3))/(r/(-6)).
2
Suppose 3*r = -0*r + 42. Let t be (96/(-56))/((-4)/14). Calculate the remainder when (-2)/t - (-410)/15 is divided by r.
13
Let c be (7 + -8)/((-1)/3). Let q be (7 + -3)*-3 - c. Calculate the remainder when (q/(-6))/((-3)/(-6)) is divided by 4.
1
Let o(c) = -c**3 + 4*c**2 - 3*c + 3. Let m be o(3). Suppose -d - 2*z = 8, 5*d + z - 8 = m*z. Calculate the remainder when -159*((-2)/6 + d) is divided by 18.
17
Suppose 0 = 6*g - 2*g - 12, v - 16 = -5*g. Calculate the remainder when v/(3/(-2)*4/(-162)) is divided by 16.
11
What is the remainder when 65 is divided by (-335)/(-20) - (-1)/4?
14
Let q be 2/(-3) - (-8)/12. Suppose -5*p + q*p + 10 = 0. Suppose u = p*m - 0*m - 29, m = -u + 22. Calculate the remainder when m is divided by 10.
7
Suppose 814 = 2*t + 722. What is the remainder when 53 is divided by t?
7
Suppose -n = 5*m - 2*n - 105, 2*m + 5*n - 15 = 0. Calculate the remainder when m is divided by 15.
5
Let a(v) = -20*v + 127. Let m be a(7). Suppose 0 = -9*d + 4*d - 5. Let p = d - m. Calculate the remainder when p is divided by 5.
2
Suppose 4 = 2*z + 5*o - 14, -2*z = 4*o - 20. Suppose 31*x - 15 = 32*x. Let y = 23 + x. Calculate the remainder when z is divided by y.
6
Suppose n + 5 = 0, -i - 6*n + 12 = -2*n. Let x = -22 + i. Calculate the remainder when 37 is divided by x.
7
Let f = 52 - 28. Suppose u + 2*u - 5*g - 131 = 0, 137 = 3*u - 2*g. What is the remainder when u is divided by f?
23
Let v be 2/((-3)/((-9)/3)). Calculate the remainder when (-4)/(-6) + 5/15*145 is divided by -2 - (-1 + v)*-19.
15
What is the remainder when (1044/(-63))/((-4)/14) is divided by 26?
6
Suppose 43*d - 958 = 1536. Calculate the remainder when d is divided by 0/(-4) - (1 - 13).
10
Suppose 11*d - 670 = d. What is the remainder when 125 is divided by d?
58
Let r(j) = 188*j**2. Calculate the remainder when r(1) is divided by 6 + (-2 - 17/(1/(-8)*4)).
36
Suppose -t = -3*o - 2*t + 248, -4*o - 3*t = -324. Let p be 4/6 + o/(-18). Let j = p - -14. What is the remainder when 19 is divided by j?
9
Let k = -50 - -51. What is the remainder when (3 + -2)/(k/183) is divided by 31?
28
Suppose -3*j - 12 = -6*j. Suppose -3*x = j*k - 83, 57 = 3*x + 5*k - 25. What is the remainder when 173 is divided by x?
28
Let t = 23 - 17. Let h = 59 + 7. Calculate the remainder when h is divided by 102/(-4)*t/(-9).
15
Suppose 12*k = 7*k + 35. Suppose 4*f + 4*m - 68 = 0, -23 = -f + 5*m - 4*m. What is the remainder when f is divided by k?
6
Suppose -10*l - 9*l + 456 = 0. What is the remainder when 359 is divided by l?
23
Suppose -69 - 83 = -19*s. What is the remainder when 399 is divided by s?
7
Let p = -2403 - -2441. Calculate the remainder when 138 is divided by p.
24
Let n = -27 + 94. Calculate the remainder when n is divided by 23.
21
Suppose 73 = 3*k - l - 4*l, -5*k + 111 = -3*l. Let r(c) = -c + 33. Calculate the remainder when 29 is divided by r(k).
5
What is the remainder when 280 is divided by (8/6)/(18/324)?
16
Suppose -1 = f - 2, -2*f - 598 = -5*i. What is the remainder when i is divided by 31?
27
Suppose 0 = -2*t + 4*l + 172, 2*t + 3*l + 0*l - 172 = 0. Calculate the remainder when t is divided by 5.
1
Let i(h) = h**3 + 3*h**2 - 13*h - 2. Suppose 2*j - 10 = -2. Calculate the remainder when i(j) is divided by 15.
13
Suppose -2*m + 32 = -16. Let c = m + 1. Let z = -13 + c. What is the remainder when 34 is divided by z?
10
Suppose -5*q + 3*h = -185, -5*h + 33 = 3*q - 78. Calculate the remainder when 3179 is divided by q.
34
Suppose -465 = -0*n - 15*n. Calculate the remainder when 77 is divided by n.
15
What is the remainder when 242 is divided by (-145)/(-4) - 60/48?
32
Let c(s) = -s**2 - 30*s - 63. Calculate the remainder when 159 is divided by c(-26).
36
Let b(f) = -7*f**3 - 4*f**2 - 4*f - 5. Calculate the remainder when 88 is divided by b(-2).
2
Let f(z) = -z**3 + 11*z**2 - 8*z - 11. Let k be f(10). What is the remainder when 9/(-4)*(-336)/18 is divided by (k/6)/((-3)/(-22))?
9
What is the remainder when 152 is divided by -28*(-5)/35*(-15)/(-2)?
2
Suppose 29 + 61 = -10*k. Let z = 32 + k. What is the remainder when 38 is divided by z?
15
Suppose 0 = 2*g - 0*s + s - 44, 73 = 3*g - 2*s. What is the remainder when 35 is divided by g?
12
Let x(b) = -b**3 + 20*b**2 - 17*b - 35. Calculate the remainder when 63 is divided by x(19).
0
Let h(i) = 2*i**3 - 8*i**2 + 5*i + 4. Let m be h(5). Suppose a - 10 = -a. Suppose a*v = -9 + m. What is the remainder when v is divided by 8?
6
Let b = -35 + 